{"id":4571,"date":"2021-09-15T16:45:41","date_gmt":"2021-09-15T19:45:41","guid":{"rendered":"https:\/\/www.cora.com.br\/blog\/?post_type=glossario&#038;p=4571"},"modified":"2025-09-30T08:11:45","modified_gmt":"2025-09-30T11:11:45","slug":"lgpd","status":"publish","type":"glossario","link":"https:\/\/www.cora.com.br\/blog\/glossario\/lgpd\/","title":{"rendered":"LGPD"},"content":{"rendered":"<h2>O que significa LGPD?<\/h2>\n<p>&nbsp;<\/p>\n<p><span style=\"font-weight: 400;\">LGPD \u00e9 a sigla da <\/span><a href=\"http:\/\/www.planalto.gov.br\/ccivil_03\/_ato2015-2018\/2018\/lei\/l13709.htm\"><span style=\"font-weight: 400;\">Lei Geral de Prote\u00e7\u00e3o de Dados Pessoais<\/span><\/a><span style=\"font-weight: 400;\">, legisla\u00e7\u00e3o criada em 2018 para entrar em vigor em agosto de 2021 e regulamentar o uso de dados pessoais. Com o prop\u00f3sito de proteger a liberdade e privacidade de todas as pessoas, a LGPD estabelece uma s\u00e9rie de condi\u00e7\u00f5es para que empresas e \u00f3rg\u00e3os p\u00fablicos possam coletar, armazenar e utilizar os dados pessoais e sens\u00edveis.<\/span><\/p>\n<p><span style=\"font-weight: 400;\">A lei garante um cen\u00e1rio de mais seguran\u00e7a para as pessoas, que passam a ter mais controle sobre o uso de seus dados, desde nome e CPF, at\u00e9 informa\u00e7\u00f5es sobre pol\u00edtica e religi\u00e3o. Com a LGPD, a coleta de dados precisa ter consentimento, ou seja, as empresas precisam pedir autoriza\u00e7\u00e3o das pessoas para coletar as informa\u00e7\u00f5es e utiliz\u00e1-las. Al\u00e9m disso, a finalidade da coleta tamb\u00e9m precisa estar clara. <\/span><\/p>\n","protected":false},"featured_media":0,"parent":0,"template":"","indice-do-glossario":[383],"class_list":["post-4571","glossario","type-glossario","status-publish","hentry","indice-do-glossario-l"],"acf":[],"yoast_head":"<!-- This site is optimized with the Yoast SEO plugin v28.3 - https:\/\/yoast.com\/product\/yoast-seo-wordpress\/ -->\n<title>O que significa LGPD? | Portal DNA Empreendedor - Cora<\/title>\n<meta name=\"description\" content=\"LGPD \u00e9 a sigla da Lei Geral de Prote\u00e7\u00e3o de Dados Pessoais, legisla\u00e7\u00e3o criada em 2018 para regulamentar o uso de dados pessoais.\" \/>\n<meta name=\"robots\" content=\"index, follow, max-snippet:-1, max-image-preview:large, max-video-preview:-1\" \/>\n<link rel=\"canonical\" href=\"https:\/\/www.cora.com.br\/blog\/glossario\/lgpd\/\" \/>\n<!-- \/ Yoast SEO plugin. -->","yoast_head_json":{"title":"O que significa LGPD? | Portal DNA Empreendedor - Cora","description":"LGPD \u00e9 a sigla da Lei Geral de Prote\u00e7\u00e3o de Dados Pessoais, legisla\u00e7\u00e3o criada em 2018 para regulamentar o uso de dados pessoais.","robots":{"index":"index","follow":"follow","max-snippet":"max-snippet:-1","max-image-preview":"max-image-preview:large","max-video-preview":"max-video-preview:-1"},"canonical":"https:\/\/www.cora.com.br\/blog\/glossario\/lgpd\/","schema":{"@context":"https:\/\/schema.org","@graph":[{"@type":"WebPage","@id":"https:\/\/blog.cora.com.br\/blog\/glossario\/lgpd\/","url":"https:\/\/blog.cora.com.br\/blog\/glossario\/lgpd\/","name":"O que significa LGPD? | Portal DNA Empreendedor - Cora","isPartOf":{"@id":"https:\/\/blog.cora.com.br\/blog\/#website"},"datePublished":"2021-09-15T19:45:41+00:00","dateModified":"2025-09-30T11:11:45+00:00","description":"LGPD \u00e9 a sigla da Lei Geral de Prote\u00e7\u00e3o de Dados Pessoais, legisla\u00e7\u00e3o criada em 2018 para regulamentar o uso de dados pessoais.","breadcrumb":{"@id":"https:\/\/blog.cora.com.br\/blog\/glossario\/lgpd\/#breadcrumb"},"inLanguage":"pt-BR","potentialAction":[{"@type":"ReadAction","target":["https:\/\/blog.cora.com.br\/blog\/glossario\/lgpd\/"]}]},{"@type":"BreadcrumbList","@id":"https:\/\/blog.cora.com.br\/blog\/glossario\/lgpd\/#breadcrumb","itemListElement":[{"@type":"ListItem","position":1,"name":"In\u00edcio","item":"https:\/\/blog.cora.com.br\/blog\/"},{"@type":"ListItem","position":2,"name":"Gloss\u00e1rios","item":"https:\/\/blog.cora.com.br\/blog\/glossario\/"},{"@type":"ListItem","position":3,"name":"LGPD"}]},{"@type":"WebSite","@id":"https:\/\/blog.cora.com.br\/blog\/#website","url":"https:\/\/blog.cora.com.br\/blog\/","name":"Portal DNA Empreendedor - Cora","description":"Empreender t\u00e1 no sangue, mas a informa\u00e7\u00e3o para evoluir sua empresa est\u00e1 aqui.","publisher":{"@id":"https:\/\/blog.cora.com.br\/blog\/#organization"},"alternateName":"Portal DNA Empreendedor - Blog da Cora","potentialAction":[{"@type":"SearchAction","target":{"@type":"EntryPoint","urlTemplate":"https:\/\/blog.cora.com.br\/blog\/?s={search_term_string}"},"query-input":{"@type":"PropertyValueSpecification","valueRequired":true,"valueName":"search_term_string"}}],"inLanguage":"pt-BR"},{"@type":"Organization","@id":"https:\/\/blog.cora.com.br\/blog\/#organization","name":"Portal DNA Empreendedor - Cora","alternateName":"Portal DNA Empreendedor - Cora","url":"https:\/\/blog.cora.com.br\/blog\/","logo":{"@type":"ImageObject","inLanguage":"pt-BR","@id":"https:\/\/blog.cora.com.br\/blog\/#\/schema\/logo\/image\/","url":"https:\/\/www.cora.com.br\/blog\/wp-content\/uploads\/2020\/05\/Portal-DNA-Empreendedor-Cora-Logo.svg","contentUrl":"https:\/\/www.cora.com.br\/blog\/wp-content\/uploads\/2020\/05\/Portal-DNA-Empreendedor-Cora-Logo.svg","width":443,"height":54,"caption":"Portal DNA Empreendedor - Cora"},"image":{"@id":"https:\/\/blog.cora.com.br\/blog\/#\/schema\/logo\/image\/"},"sameAs":["https:\/\/www.facebook.com\/seja.cora","https:\/\/x.com\/seja_cora","https:\/\/www.instagram.com\/seja.cora\/","https:\/\/www.linkedin.com\/company\/40873868\/"]}]}},"_links":{"self":[{"href":"https:\/\/www.cora.com.br\/blog\/wp-json\/wp\/v2\/glossario\/4571","targetHints":{"allow":["GET"]}}],"collection":[{"href":"https:\/\/www.cora.com.br\/blog\/wp-json\/wp\/v2\/glossario"}],"about":[{"href":"https:\/\/www.cora.com.br\/blog\/wp-json\/wp\/v2\/types\/glossario"}],"wp:attachment":[{"href":"https:\/\/www.cora.com.br\/blog\/wp-json\/wp\/v2\/media?parent=4571"}],"wp:term":[{"taxonomy":"indice-do-glossario","embeddable":true,"href":"https:\/\/www.cora.com.br\/blog\/wp-json\/wp\/v2\/indice-do-glossario?post=4571"}],"curies":[{"name":"wp","href":"https:\/\/api.w.org\/{rel}","templated":true}]}}

<h2>O que significa LGPD?</h2>
<p>&nbsp;</p>
<p><span style="font-weight: 400;">LGPD é a sigla da </span><a href="http://www.planalto.gov.br/ccivil_03/_ato2015-2018/2018/lei/l13709.htm"><span style="font-weight: 400;">Lei Geral de Proteção de Dados Pessoais</span></a><span style="font-weight: 400;">, legislação criada em 2018 para entrar em vigor em agosto de 2021 e regulamentar o uso de dados pessoais. Com o propósito de proteger a liberdade e privacidade de todas as pessoas, a LGPD estabelece uma série de condições para que empresas e órgãos públicos possam coletar, armazenar e utilizar os dados pessoais e sensíveis.</span></p>
<p><span style="font-weight: 400;">A lei garante um cenário de mais segurança para as pessoas, que passam a ter mais controle sobre o uso de seus dados, desde nome e CPF, até informações sobre política e religião. Com a LGPD, a coleta de dados precisa ter consentimento, ou seja, as empresas precisam pedir autorização das pessoas para coletar as informações e utilizá-las. Além disso, a finalidade da coleta também precisa estar clara. </span></p>

<!-- This site is optimized with the Yoast SEO plugin v28.3 - https://yoast.com/product/yoast-seo-wordpress/ -->
<title>O que significa LGPD? | Portal DNA Empreendedor - Cora</title>
<meta name="description" content="LGPD é a sigla da Lei Geral de Proteção de Dados Pessoais, legislação criada em 2018 para regulamentar o uso de dados pessoais." />
<meta name="robots" content="index, follow, max-snippet:-1, max-image-preview:large, max-video-preview:-1" />
<link rel="canonical" href="https://www.cora.com.br/blog/glossario/lgpd/" />
<!-- / Yoast SEO plugin. -->

LGPD é a sigla da Lei Geral de Proteção de Dados Pessoais, legislação criada em 2018 para regulamentar o uso de dados pessoais.

Início

Glossários

Empreender tá no sangue, mas a informação para evoluir sua empresa está aqui.
